ulate the highest common factor of w and i.
6
Suppose 15 = 3*v, -4*v = 5*r - 9*v - 3005. Suppose 5*w + r = -a - 3*a, 2*a - 346 = 3*w. Let x = 173 + w. What is the greatest common factor of x and 22?
11
Let h = 37 + -39. Let s be (0/h)/((-42)/(-14)). Suppose 3*c = 4*g + 57, s*c - 5*c + 4*g = -95. What is the greatest common factor of 95 and c?
19
Suppose 4*r - 18 = 2*k, -7*k + 6 = r - 6*k. Suppose 0 = 3*s - 0*s - r*a - 176, -4*s - 3*a + 254 = 0. What is the greatest common factor of 62 and s?
62
Let x(b) = -2*b**3 - 20*b**2 + 29*b + 345. Let r be x(-10). What is the greatest common divisor of 6985 and r?
55
Let t be (-28101)/(-21) - -15 - 6/42. Calculate the greatest common divisor of t and 957.
33
Let v be (1 - 314/(-8))*4. Let f(z) = -35*z + 151. Let r = 191 - 188. Let n be f(r). Calculate the greatest common divisor of n and v.
23
Suppose w + 26 = -3*n - 4*w, 0 = -n - 2*w - 7. Let y be 2/n + 3726/459. What is the highest common factor of y and 36?
4
Let d(a) = -a**2 - 18*a - 57. Let u be d(-13). Let i be 210/12 - (-4)/u. Calculate the highest common factor of i and 162.
18
Suppose 22*u - 24*u + 1283 = -z, -1268 = -2*u - 4*z. Calculate the highest common factor of u and 12.
4
Suppose 38*g - 3125 = 41 - 430. What is the greatest common divisor of g and 744?
24
Suppose 63*k - 39 = 62*k. Let w(j) = 4*j - 10. Let c be w(3). Suppose -k = u - c*u. What is the highest common divisor of u and 13?
13
Let y = 30 - 15. Let j = 7 - 2. Suppose -180 = h - j*h. Calculate the highest common divisor of h and y.
15
Let d = 66 - 38. Suppose -d = 4*u - 44. Suppose 33 + 263 = 4*x - u*v, 20 = 5*v. What is the highest common factor of x and 52?
26
Suppose 90 = u - 5*c, 4*u - 9*c + 12*c = 475. Calculate the greatest common factor of 835 and u.
5
Suppose 8*c = -105*c + 24521. Calculate the greatest common divisor of c and 31.
31
Suppose -x + 160 = -4*o, -684*o = x - 687*o - 160. Calculate the highest common factor of 20560 and x.
80
Let k = 11998 - 11952. What is the highest common factor of 35926 and k?
46
Let r = 908 - 817. Suppose 6*w - 29 = r. What is the greatest common factor of 1580 and w?
20
Suppose 5*g - 57 = -h, g + 2 = 2*g. Let q = 67 + -24. Let k = h - q. Calculate the highest common factor of k and 28.
4
Suppose 12*n + 1564 = 5*c + 20*n, -632 = -2*c - 4*n. What is the highest common divisor of 3645 and c?
15
Let q be 85/(((-2)/(-3))/2). Let i(o) = -24 - 100*o + 47 - 27 + 89*o. Let p be i(-5). What is the highest common factor of p and q?
51
Let r(y) = 113*y**3 + 3*y**2 - 2*y + 9. Let k be r(2). What is the greatest common factor of 3 and k?
3
Let h(m) = 375*m - 19. Let p be h(6). What is the highest common factor of 291 and p?
97
Let d(r) = r**3 + 32*r**2 + 43*r - 286. Let j be d(-30). Calculate the greatest common factor of j and 2416.
16
Suppose 4*y = 2*d - 864, 263 - 1125 = 4*y - 3*d. Let x be (-173476)/y + 6/(-14). Suppose x = 5*h + 279. What is the greatest common divisor of 26 and h?
26
Suppose -324 = -13*b + 10*b. Let l(g) = g**2 + 9*g + 8. Let q be l(-8). Suppose q = 9*o - 243 - 81. What is the greatest common divisor of o and b?
36
Suppose -2*t - 200 = -h + 286, 2*t - 4 = 0. Let f = h - 149. What is the greatest common factor of 62 and f?
31
Suppose 3*z - 30 = -3*p, -3*p - 3 = -z + 7. Suppose -z = -2*f + 24. Calculate the greatest common factor of 17 and f.
17
Let r be (-7)/(-35) + ((-3538)/(-10) - 0). What is the highest common divisor of r and 102?
6
Let v be -4 - 1 - 9 - -112. What is the greatest common divisor of 3136 and v?
98
Let g = -4872 + 5112. What is the greatest common divisor of g and 100?
20
Let t(r) = 2 - 6*r + 10 - 1. Let o be t(-2). Calculate the greatest common factor of o and 23.
23
Let l = -7 - -9. Let k(c) = c**3 + 7*c**2 - 14*c + 1. Let r be k(4). Let v = r - 113. What is the greatest common divisor of l and v?
2
Let k = -284 - -294. Let n(y) = 6*y**2 - 2 - 7*y**2 + 0*y + 14*y**3 - 3*y + 5*y. Let u be n(2). Calculate the greatest common factor of u and k.
10
Let a = 3799 - 3763. What is the greatest common divisor of 1602 and a?
18
Suppose -10840 - 4520 = -240*n. What is the greatest common factor of 2048 and n?
64
Let u = -6243 + 6513. Calculate the highest common factor of u and 1296.
54
Let t(z) = z**2 - 128*z - 2193. Let s be t(-17). Calculate the highest common divisor of s and 2159.
17
Suppose 4*t = 5*t. Suppose t = -3*r + 2*g + 2, 5 = -3*r + r - 5*g. Suppose d - 5*l = -r*d + 5, l = 3*d - 71. What is the highest common factor of 100 and d?
25
Suppose -5*l + 16 = 3*r, -5*l - 4*r = -3 - 10. Suppose 2*q + l*h = -866, q + 19 + 417 = -h. Let i = -214 - q. What is the greatest common factor of 28 and i?
28
Let h = 1 + 8. Suppose 0*f - 4*r = f + h, 4*r = -3*f - 11. Let z be (88/16)/((-15)/(-14) + f). What is the highest common factor of z and 11?
11
Let b be (1 + (3 - 1))*-3. Suppose 1094 = 39*w - 76. Let y = b + w. What is the greatest common factor of y and 7?
7
Let m be 2 - -1 - 85/10*-10. Calculate the greatest common divisor of 184 and m.
8
Let o(g) = g**2 - 2*g - 174. Let b be o(-13). Calculate the highest common divisor of b and 749.
7
Suppose 0 = 49*x - 35*x - 168. Suppose -x*s + 1471 + 629 = 0. What is the greatest common divisor of s and 50?
25
Let n = -2974 + 394. Let p = -5980 - n. Let y be 1*(-5)/(-35) - p/14. What is the greatest common factor of 27 and y?
27
Let x(r) be the first derivative of r**2/2 + 7*r - 15. Let n be x(14). Let k(j) = -19*j - 125. Let g be k(-11). Calculate the highest common divisor of n and g.
21
Suppose 2*u + 1115 = -3*u + 1960. What is the highest common divisor of u and 455?
13
Let v = 12908 - 11135. What is the highest common divisor of v and 9?
9
Suppose 43*v - 583 = -67. Calculate the highest common divisor of 2370 and v.
6
Suppose 5927 = 140*a - 2473. Calculate the greatest common factor of 52 and a.
4
Let l(m) = m**3 + 8*m**2 + 4*m + 86. Let j be l(-8). Calculate the highest common divisor of j and 2943.
27
Let p = 3945 + -3815. What is the greatest common factor of p and 1196?
26
Suppose -783*i = -786*i - 4*f + 8237, -2*i + 5*f + 5499 = 0. Calculate the greatest common factor of 123 and i.
41
Let w be (-44)/(-6) + -1*3/9. Suppose -w*q + 1167 = -975. Calculate the highest common factor of q and 18.
18
Let d(b) = -2 + 9 - 5 + 2*b + 8*b. Let j be d(1). Suppose 0 = -15*q + 342 + 738. Calculate the greatest common divisor of q and j.
12
Suppose 4*c - 6*c + 3*g + 1362 = 0, 0 = -c - 3*g + 654. What is the greatest common factor of c and 714?
42
Let i be ((-60)/4)/(-6*1/4). Let n(r) = -r**2 + 12*r - 17. Let c be n(i). Calculate the greatest common divisor of 8 and c.
1
Let z be 6/(-90)*5*897/(-1). Suppose z = 7*t - 177. What is the greatest common divisor of 102 and t?
34
Let x = 4 - -15. Let d = 293 - 222. Suppose -u + 118 = 2*u + 4*f, -2*u + 5*f = -d. What is the highest common factor of u and x?
19
Suppose 0 = -56*z + 27489 + 2415. What is the highest common divisor of 24 and z?
6
Let i be (-3 - 161/(-7))*(-24)/(-10). Suppose 0 = 5*j - 92 - i. What is the highest common divisor of j and 14?
14
Suppose d - 5*f = 9 + 1, -40 = -4*d - 4*f. Let h(l) = -5*l + 95. Let w = -327 - -342. Let u be h(w). What is the greatest common factor of d and u?
10
Suppose 0 = -5*f - 15, -3*l + 2*f = -18856 - 8186. Calculate the highest common factor of l and 24.
12
Let m be (3 + 0)*(-4)/(-3). Suppose 5*q - 106 = 2*c, -5*c + 2*c = c + 12. Calculate the greatest common divisor of q and m.
4
Let m be (-1 - -2) + 3 + 11/(-11). Suppose -3*y - 2*s - 3*s = -17, -m*y + 3*s = -9. What is the greatest common factor of 292 and y?
4
Let g be 6398/98 + 11 - 6/21. Calculate the highest common factor of 95 and g.
19
Let r = 56368 - -3828. Calculate the highest common factor of r and 101.
101
Let v = -92 + 78. Let g = -38 - v. Let m = g + 27. What is the greatest common factor of m and 6?
3
Let w = 0 - -11. Let g be -40*((-221)/(-68) + -8) - 14. What is the highest common divisor of g and w?
11
Let x = 123 - 89. Let l be 4/(-5)*15/(-12)*x. What is the highest common divisor of l and 51?
17
Let d be (-1*5*1)/((-328)/22632). Calculate the greatest common divisor of d and 45.
15
Let a be (1 + 3)/(-2)*34/4. Let r = a + 15. Let c = r - -11. Calculate the highest common divisor of c and 36.
9
Let v be (52/9)/(-26) + (-164